{"id":338,"date":"2025-12-02T01:14:08","date_gmt":"2025-12-02T00:14:08","guid":{"rendered":"https:\/\/humlekarrsgard.se\/gotlandsskinn\/?post_type=product&#038;p=338"},"modified":"2025-12-02T01:14:08","modified_gmt":"2025-12-02T00:14:08","slug":"12-lammskinn","status":"publish","type":"product","link":"https:\/\/humlekarrsgard.se\/gotlandsskinn\/produkt\/12-lammskinn\/","title":{"rendered":"12-Lammskinn"},"content":{"rendered":"","protected":false},"excerpt":{"rendered":"<div align=\"left\"><b>M\u00e5tt:<\/b>\u00a0L\u00e4ngd 85 cm, Bredd: 70 cm<\/div>\n<div align=\"left\"><b>Klippning:<\/b>\u00a0Normal<\/div>\n<div align=\"left\"><b>Not:<\/b>\u00a0M\u00f6rkt, halvstora lockar, t\u00e4t ull, tv\u00e5 sl\u00e4pp ullsida<\/div>\n","protected":false},"featured_media":339,"template":"","meta":[],"product_brand":[],"product_cat":[24],"product_tag":[],"class_list":{"0":"post-338","1":"product","2":"type-product","3":"status-publish","4":"has-post-thumbnail","6":"product_cat-lammskinn","8":"first","9":"instock","10":"sold-individually","11":"taxable","12":"shipping-taxable","13":"purchasable","14":"product-type-simple"},"_links":{"self":[{"href":"https:\/\/humlekarrsgard.se\/gotlandsskinn\/wp-json\/wp\/v2\/product\/338","targetHints":{"allow":["GET"]}}],"collection":[{"href":"https:\/\/humlekarrsgard.se\/gotlandsskinn\/wp-json\/wp\/v2\/product"}],"about":[{"href":"https:\/\/humlekarrsgard.se\/gotlandsskinn\/wp-json\/wp\/v2\/types\/product"}],"wp:featuredmedia":[{"embeddable":true,"href":"https:\/\/humlekarrsgard.se\/gotlandsskinn\/wp-json\/wp\/v2\/media\/339"}],"wp:attachment":[{"href":"https:\/\/humlekarrsgard.se\/gotlandsskinn\/wp-json\/wp\/v2\/media?parent=338"}],"wp:term":[{"taxonomy":"product_brand","embeddable":true,"href":"https:\/\/humlekarrsgard.se\/gotlandsskinn\/wp-json\/wp\/v2\/product_brand?post=338"},{"taxonomy":"product_cat","embeddable":true,"href":"https:\/\/humlekarrsgard.se\/gotlandsskinn\/wp-json\/wp\/v2\/product_cat?post=338"},{"taxonomy":"product_tag","embeddable":true,"href":"https:\/\/humlekarrsgard.se\/gotlandsskinn\/wp-json\/wp\/v2\/product_tag?post=338"}],"curies":[{"name":"wp","href":"https:\/\/api.w.org\/{rel}","templated":true}]}}