{"id":3,"date":"2025-11-28T22:10:07","date_gmt":"2025-11-28T21:10:07","guid":{"rendered":"https:\/\/humlekarrsgard.se\/gotlandsskinn\/?page_id=3"},"modified":"2025-12-01T17:16:37","modified_gmt":"2025-12-01T16:16:37","slug":"integritetspolicy","status":"publish","type":"page","link":"https:\/\/humlekarrsgard.se\/gotlandsskinn\/integritetspolicy\/","title":{"rendered":"Integritetspolicy"},"content":{"rendered":"\n<p>F\u00f6r Humlek\u00e4rrs G\u00e5rd med web-platsen https:\/\/humlekarrsgard.se\/gotlandsskinn.<\/p>\n\n\n\n<h2 class=\"wp-block-heading\">Personuppgifter<\/h2>\n\n\n\n<p>Personuppgifter \u00e4r all slags information som direkt eller indirekt kan kopplas till en fysisk person. Det inneb\u00e4r t.ex. att namn, adress, telefonnummer och e-postadress \u00e4r att anse som personuppgifter. <br>Michael Agfjord \u00e4r ansvarig f\u00f6r behandlingen av personuppgifter p\u00e5 humlekarrsgard.se.<br><br>Personer som bes\u00f6ker webbplatsen har r\u00e4tt att h\u00e5lla personliga uppgifter privata. Vi anv\u00e4nder oss av l\u00e4mpliga tekniska och organisatoriska \u00e5tg\u00e4rder f\u00f6r att skydda de personuppgifter som vi f\u00e5r fr\u00e5n dig, t.ex. l\u00e4mnar vi inte ut personuppgifter till tredje part om vi inte \u00e4r skyldiga att g\u00f6ra det enligt lag eller domstolsbeslut. <br>Vi kan dock aldrig garantera 100 % s\u00e4kerhet f\u00f6r de uppgifter du registrerar hos oss.<br><br>Personuppgifterna som du l\u00e4mnar till oss (registrerar) anv\u00e4nds f\u00f6r att leverera och administrera v\u00e5ra tj\u00e4nster samt f\u00f6r att kommunicera med dig<\/p>\n\n\n\n<h2 class=\"wp-block-heading\">R\u00e4ttelse och radering av personuppgifter<\/h2>\n\n\n\n<p>Du har r\u00e4tt att f\u00e5 besked om vilka personuppgifter vi har om dig och hur vi hanterar dessa. Du har ocks\u00e5 r\u00e4tt att beg\u00e4ra r\u00e4ttelse, uppdatera eller beg\u00e4ra att vi tar bort personuppgifter som vi har om dig, du kan kontakta oss om det. Vi sparar inte personuppgifter under l\u00e4ngre tid \u00e4n vad som \u00e4r n\u00f6dv\u00e4ndigt med h\u00e4nsyn till \u00e4ndam\u00e5let f\u00f6r insamlandet enligt denna integritetspolicy.<\/p>\n\n\n\n<h2 class=\"wp-block-heading\">Vilka vi delar dina data med<\/h2>\n\n\n\n<p>Om du beg\u00e4r \u00e5terst\u00e4llning av l\u00f6senordet kommer din IP-adress att ing\u00e5 i e-postmeddelandet om \u00e5terst\u00e4llning.<br>F\u00f6r anv\u00e4ndare som registrerar sig, sparar vi de personuppgifter som anges i anv\u00e4ndarprofilen. Alla anv\u00e4ndare kan se, redigera eller radera sina personuppgifter n\u00e4r som helst (med undantaget att de inte kan \u00e4ndra sitt anv\u00e4ndarnamn). \u00c4ven webbplatsens administrat\u00f6rer kan se och redigera denna information.<\/p>\n\n\n\n<h2 class=\"wp-block-heading\">Vilka r\u00e4ttigheter du har \u00f6ver dina data<\/h2>\n\n\n\n<p>Om du har ett konto kan du beg\u00e4ra en exportfil med de personuppgifter vi har om dig, inklusive alla uppgifter du har gett oss. Du kan ocks\u00e5 beg\u00e4ra att vi tar bort alla personuppgifter vi har om dig. Detta omfattar inte eventuella uppgifter som vi \u00e4r tvungna att spara av administrativa, legala eller s\u00e4kerhets\u00e4ndam\u00e5l.<\/p>\n\n\n<p><a name=\"cookies\"><\/a><\/p>\n\n\n<h2 class=\"wp-block-heading\">Cookie-filer<\/h2>\n\n\n\n<p>Du som bes\u00f6kare ska informeras om att webbplatsen anv\u00e4nder cookies. Du ska ocks\u00e5 ges m\u00f6jlighet att blockera cookies. Humlekarrsgard.se&nbsp;anv\u00e4nder cookies f\u00f6r att lagra information i sm\u00e5 filer p\u00e5 din dator. N\u00e5gra av v\u00e5ra cookies beh\u00f6vs f\u00f6r att webbplatsen ska fungera korrekt. <\/p>\n\n\n\n<p>Om du bes\u00f6ker v\u00e5r inloggningssida kommer vi att s\u00e4tta en tillf\u00e4llig cookie f\u00f6r att unders\u00f6ka om din webbl\u00e4sare accepterar dem. Denna cookie inneh\u00e5ller inga personuppgifter och den f\u00f6rsvinner n\u00e4r du st\u00e4nger din webbl\u00e4sare. <\/p>\n\n\n\n<p>N\u00e4r du loggar in kommer vi att skapa flera cookie-filer f\u00f6r att spara information om din inloggning och dina val f\u00f6r utformning av sk\u00e4rmlayouten. Cookie-filer f\u00f6r inloggning g\u00e4ller i tv\u00e5 dagar och cookie-filer f\u00f6r layoutval g\u00e4ller i ett \u00e5r. Om du kryssar i \u201dKom ih\u00e5g mig\u201d kommer din cookie att finnas kvar i tv\u00e5 veckor. Om du loggar ut fr\u00e5n ditt konto kommer cookie-filerna f\u00f6r inloggning att tas bort.<\/p>\n\n\n\n<p>Man skiljer ocks\u00e5 p\u00e5 f\u00f6rsta parts cookie och tredje parts cookie. En f\u00f6rsta parts cookie s\u00e4tts av av webbplatsen medan en tredje parts cookie s\u00e4tts av en annan webbplats som har inb\u00e4ddad information (exempelvis videoklipp, kontakt-formul\u00e4r o.s.v.). Inb\u00e4ddat inneh\u00e5ll fr\u00e5n andra webbplatser beter sig precis p\u00e5 samma s\u00e4tt som om bes\u00f6karen har bes\u00f6kt den andra webbplatsen. Dessa webbplatser kan samla in uppgifter om dig, anv\u00e4nda cookie-filer, och \u00f6vervaka din interaktion med sagda inb\u00e4ddade inneh\u00e5ll.<\/p>\n\n\n\n<p>Cookies \u00e4r textfiler och kan d\u00e4rf\u00f6r inte inneh\u00e5lla virus. L\u00e4s mer om cookies hos <a title=\"\u00d6ppnas i nytt f\u00f6nster\" href=\"https:\/\/www.pts.se\/internet-och-telefoni\/kakor-cookies\/\" target=\"_blank\" rel=\"noopener noreferrer\">Post och Telestyrelsen<\/a>.<br>Om du st\u00e4nger av tillg\u00e5ng till cookies s\u00e5 kan anv\u00e4ndarupplevelsen f\u00f6rs\u00e4mras och alla funktionaliteter kan inte uppr\u00e4tth\u00e5llas p\u00e5 samma s\u00e4tt som om webbplatsen fick s\u00e4tta cookies.<\/p>\n\n\n\n<p>H\u00e4r \u00e4r beskrivningar hur cookies hanteras i olika webl\u00e4sare. <br><a title=\"\u00d6ppnas i nytt f\u00f6nster\" href=\"https:\/\/support.microsoft.com\/sv-se\/windows\/hantera-cookies-i-microsoft-edge-visa-till%C3%A5ta-blockera-ta-bort-och-anv%C3%A4nda-168dab11-0753-043d-7c16-ede5947fc64d\" target=\"_blank\" rel=\"noopener noreferrer\">Microsoft Edge<\/a><br><a title=\"\u00d6ppnas i nytt f\u00f6nster\" href=\"https:\/\/support.google.com\/chrome\/answer\/95647?hl=sv\" target=\"_blank\" rel=\"noopener noreferrer\">Google Chrome<br><\/a><a title=\"\u00d6ppnas i nytt f\u00f6nster\" href=\"https:\/\/support.mozilla.org\/sv\/kb\/rensa-kakor-och-webbplatsdata-firefox\" target=\"_blank\" rel=\"noopener noreferrer\">Motzilla Firefox<br><\/a><a title=\"\u00d6ppnas i nytt f\u00f6nster\" href=\"http:\/\/support.apple.com\/kb\/HT1677?viewlocale=sv_SE&amp;locale=sv_SE\" target=\"_blank\" rel=\"noopener noreferrer\">Safari<br><\/a><a title=\"\u00d6ppnas i nytt f\u00f6nster\" href=\"http:\/\/help.opera.com\/Windows\/9.00\/sv\/cookies.html\" target=\"_blank\" rel=\"noopener noreferrer\">Opera<\/a><\/p>\n\n\n\n<p><strong>P\u00e5 humlekarrsgard.se\/gotlandsskinn\/ anv\u00e4nder vi f\u00f6ljande typer av cookies:<\/strong><br><div class=\"cky-audit-table-element\"><\/div><\/p>\n\n\n\n<p><\/p>\n","protected":false},"excerpt":{"rendered":"<p>F\u00f6r Humlek\u00e4rrs G\u00e5rd med web-platsen https:\/\/humlekarrsgard.se\/gotlandsskinn. Personuppgifter Personuppgifter \u00e4r all slags information som direkt eller indirekt kan kopplas till en fysisk person. Det inneb\u00e4r t.ex. att namn, adress, telefonnummer och e-postadress \u00e4r att anse som personuppgifter. Michael Agfjord \u00e4r ansvarig f\u00f6r behandlingen av personuppgifter p\u00e5 humlekarrsgard.se. Personer som bes\u00f6ker webbplatsen har r\u00e4tt att h\u00e5lla personliga [&hellip;]<\/p>\n","protected":false},"author":1,"featured_media":0,"parent":0,"menu_order":0,"comment_status":"closed","ping_status":"open","template":"template-fullwidth.php","meta":{"footnotes":""},"class_list":["post-3","page","type-page","status-publish","hentry"],"_links":{"self":[{"href":"https:\/\/humlekarrsgard.se\/gotlandsskinn\/wp-json\/wp\/v2\/pages\/3","targetHints":{"allow":["GET"]}}],"collection":[{"href":"https:\/\/humlekarrsgard.se\/gotlandsskinn\/wp-json\/wp\/v2\/pages"}],"about":[{"href":"https:\/\/humlekarrsgard.se\/gotlandsskinn\/wp-json\/wp\/v2\/types\/page"}],"author":[{"embeddable":true,"href":"https:\/\/humlekarrsgard.se\/gotlandsskinn\/wp-json\/wp\/v2\/users\/1"}],"replies":[{"embeddable":true,"href":"https:\/\/humlekarrsgard.se\/gotlandsskinn\/wp-json\/wp\/v2\/comments?post=3"}],"version-history":[{"count":12,"href":"https:\/\/humlekarrsgard.se\/gotlandsskinn\/wp-json\/wp\/v2\/pages\/3\/revisions"}],"predecessor-version":[{"id":281,"href":"https:\/\/humlekarrsgard.se\/gotlandsskinn\/wp-json\/wp\/v2\/pages\/3\/revisions\/281"}],"wp:attachment":[{"href":"https:\/\/humlekarrsgard.se\/gotlandsskinn\/wp-json\/wp\/v2\/media?parent=3"}],"curies":[{"name":"wp","href":"https:\/\/api.w.org\/{rel}","templated":true}]}}